e 3, what is -12 + 1011221?
1011202
In base 11, what is -20 - -15?
-6
In base 14, what is 1a + -241?
-225
In base 4, what is 21213 + -11?
21202
In base 2, what is -100000 - -1100?
-10100
In base 6, what is -3 - 132?
-135
In base 3, what is -2 - -1220012?
1220010
In base 15, what is -e + e6?
d7
In base 10, what is 176 - 14?
162
In base 13, what is -7 + -104?
-10b
In base 9, what is -2 - 6124?
-6126
In base 2, what is 11101000011 - 1000?
11100111011
In base 4, what is -21 + 13?
-2
In base 15, what is 12 + -1?
11
In base 7, what is -4246 - 4?
-4253
In base 15, what is -3 - -52?
4e
In base 6, what is 0 + 45?
45
In base 13, what is -3 - -84?
81
In base 4, what is 202 - -121?
323
In base 3, what is -221 - -10?
-211
In base 10, what is 352 + 71?
423
In base 16, what is -4 - d3?
-d7
In base 15, what is -14 + 51?
3c
In base 6, what is -410 - -12?
-354
In base 6, what is -5 - 2?
-11
In base 9, what is -144 + 4?
-140
In base 2, what is 111 - 10000?
-1001
In base 15, what is 3 - 43?
-40
In base 16, what is -5b3 + -3?
-5b6
In base 5, what is 0 + -142430?
-142430
In base 5, what is 24220 - 3?
24212
In base 4, what is -30 - -212?
122
In base 4, what is -2 - 31031?
-31033
In base 12, what is -b - -9?
-2
In base 4, what is -1 + 1002?
1001
In base 10, what is 5 - 45?
-40
In base 12, what is 4 - -50a?
512
In base 4, what is 30111 - -2?
30113
In base 11, what is -75a + 3?
-757
In base 15, what is 25 + -a?
1a
In base 10, what is 73 - -16?
89
In base 2, what is 101111 - 10000?
11111
In base 2, what is 0 + -1001101001001?
-1001101001001
In base 9, what is -8 + 157?
148
In base 3, what is 21211 - -201?
22112
In base 9, what is 6 + -28?
-22
In base 5, what is 10 - 2113?
-2103
In base 14, what is -1 + -96?
-97
In base 9, what is -4 + 65?
61
In base 14, what is -21 + 4?
-1b
In base 5, what is 24344 - 10?
24334
In base 6, what is -205211 - -5?
-205202
In base 16, what is -1 - 2b?
-2c
In base 16, what is -19 - 4?
-1d
In base 11, what is -77 - -4?
-73
In base 7, what is 1422 - -35?
1460
In base 8, what is -5 + 14?
7
In base 3, what is -2022 - 10222?
-20021
In base 3, what is 10 + 2010?
2020
In base 6, what is -4 + 1220?
1212
In base 2, what is 110 + 10000001?
10000111
In base 7, what is 255 - -4?
262
In base 12, what is -2 - 2?
-4
In base 16, what is -19e + 3?
-19b
In base 3, what is 12110100 - 0?
12110100
In base 4, what is -3 + 302?
233
In base 8, what is 2 - 415?
-413
In base 2, what is -1000 + -1001001?
-1010001
In base 11, what is -2244 - -2?
-2242
In base 12, what is -21 - -18?
-5
In base 13, what is ca6 + -a?
c99
In base 2, what is 11 + -100110?
-100011
In base 9, what is 0 + 123?
123
In base 12, what is -4 + -15?
-19
In base 8, what is -4 - -1712?
1706
In base 11, what is 5 - 79?
-74
In base 2, what is -1010000 + 111?
-1001001
In base 14, what is -19 - -d?
-a
In base 12, what is -954 - -6?
-94a
In base 15, what is -3 - 56?
-59
In base 4, what is 2 + 2100?
2102
In base 3, what is 10 - -11120022?
11120102
In base 12, what is 4 - a7?
-a3
In base 6, what is 1241 + 1?
1242
In base 8, what is -1602 + 4?
-1576
In base 9, what is 34 - 18?
15
In base 4, what is -1 + 103?
102
In base 2, what is -101000 + 111?
-100001
In base 5, what is 333 + 1243?
2131
In base 15, what is 12 + -2?
10
In base 12, what is -1a1 + 16?
-187
In base 14, what is 1 - -d4?
d5
In base 8, what is 11 + -55?
-44
In base 11, what is 34 - 2?
32
In base 15, what is 6 - a?
-4
In base 15, what is -2d + b?
-22
In base 14, what is -3 + 101?
dc
In base 2, what is -11001 + 1101110?
1010101
In base 15, what is 2 - -32?
34
In base 4, what is 3 + 110302?
110311
In base 6, what is 1012 - 11?
1001
In base 9, what is 187 + 111?
308
In base 2, what is 1010100 - -10?
1010110
In base 12, what is 5 - 5?
0
In base 10, what is 5 - 180?
-175
In base 11, what is 6 - 7?
-1
In base 6, what is -220 + -23?
-243
In base 15, what is -28 + 2?
-26
In base 12, what is -6 - 10?
-16
In base 7, what is 24 + 12?
36
In base 8, what is 172 - 37?
133
In base 13, what is 414 - -3?
417
In base 13, what is -3 + 23?
20
In base 12, what is -43 - 18?
-5b
In base 9, what is -4 - -1?
-3
In base 6, what is 4 - 554?
-550
In base 9, what is 402 + -4?
387
In base 4, what is 201 - -323?
1130
In base 5, what is -40 + -124?
-214
In base 13, what is -1 - -75?
74
In base 16, what is -8 + 15?
d
In base 3, what is -1011120121 + 11?
-1011120110
In base 13, what is 135 + 6c?
1a4
In base 6, what is -2024 + -13?
-2041
In base 13, what is -2 + -255?
-257
In base 5, what is 2 - -24?
31
In base 12, what is 0 + -114?
-114
In base 5, what is -1 + -1211?
-1212
In base 15, what is c + -6b3?
-6a6
In base 3, what is 100 + -1012?
-212
In base 5, what is 11 - -1202?
1213
In base 11, what is 1 + -a4?
-a3
In base 8, what is -30 - 17?
-47
In base 10, what is 2412 + -4?
2408
In base 8, what is -3 - -21?
16
In base 2, what is -1000110 - -11001?
-101101
In base 8, what is -2 + -55?
-57
In base 10, what is 5 - -3676?
3681
In base 14, what is -a - 678?
-684
In base 4, what is -32 + 21021?
20323
In base 9, what is 201 - 8?
182
In base 15, what is 463 + -4?
45e
In base 5, what is 1101330 - 4?
1101321
In base 5, what is -1 + 314?
313
In base 8, what is -1725 - -1?
-1724
In base 8, what is -340 - -4?
-334
In base 8, what is 1414 + 5?
1421
In base 5, what is 342 - -10?
402
In base 6, what is 2 + -203?
-201
In base 14, what is 1 + -24?
-23
In base 5, what is 4 - -3214?
3223
In base 13, what is -6 + -15?
-1b
In base 3, what is -200000 - -1?
-122222
In base 11, what is -33 - 7?
-3a
In base 14, what is -794 - -4?
-790
In base 12, what is -149 - 1?
-14a
In base 3, what is -2100 + 1?
-2022
In base 6, what is -1520 + -4?
-1524
In base 10, what is -4 + -250?
-254
In base 10, what is -17 + -115?
-132
In base 6, what is -20 - 43?
-103
In base 15, what is 3 - c8?
-c5
In base 10, what is 32 - -23?
55
In base 11, what is 4 + 5?
9
In base 9, what is 4 + 3?
7
In base 6, what is -5 + 111?
102
In base 8, what is -73 - 12?
-105
In base 16, what is -3 - 48?
-4b
In base 8, what is -122 - -6?
-114
In base 12, what is 2 - 98?
-96
In base 16, what is 125 + 19?
13e
In base 14, what is 4 - ac8?
-ac4
In base 9, what is 3130 + -4?
3125
In base 11, what is 383 + -1?
382
In base 5, what is 10 + 21?
31
In base 11, what is -13 - 22?
-35
In base 6, what is 5 - 14?
-5
In base 15, what is -5 - -388?
383
In base 6, what is 122 + 30?
152
In base 3, what is 101101 - -10?
101111
In base 5, what is 3 + -242013?
-242010
In base 13, what is -3394 - 5?
-3399
In base 12, what is -1b9 + 1?
-1b8
In base 16, what is -e + -17?
-25
In base 13, what is -123 + 1?
-122
In base 16, what is -2 - ac?
-ae
In base 7, what is 5 + -1206?
-1201
In base 14, what is -19 - 11?
-2a
In base 10, what is 1257 - 14?
1243
In base 9, what is -37 + -3?
-41
In base 3, what is 11022 + 10?
11102
In base 7, what is 645 + -5?
640
In base 15, what is d2 - 0?
d2
In base 9, what is 331 + -5?
325
In base 15, what is -2eda - 1?
-2edb
In base 6, what is 1031 + -1?
1030
In base 5, what is 30 - -32?
112
In base 16, what is b - 65?
-5a
In base 4, what is -3 - 32131?
-32200
In base 2, what is 10 + 110111010?
110111100
In base 8, what is 741 + -4?
735
In base 3, what is -20100222 + 1?
-20100221
In base 10, what is -5 - 45?
-50
In base 3, what is 0 - 22002?
-22002
In base 10, what is 774 - 5?
769
In base 12, what is -75 + 4?
-71
In base 15, what is -108 - 4?
-10c
In base 12, what is 4 + -12b?
-127
In base 8, what is 1 - 144?
-143
In base 6, what is 103 + 12?
115
In base 4, what is -1020 + -2313?
-3333
In base 3, what is -1021 - -2122?
1101
In base 11, what is -5 - 25?
-2a
In base 7, what is 5 - -3044?
3052
In base 11, what is 48 - -150?
198
In base 15, what is -c - -33?
26
In base 11, what is 8 - 188?
-180
In base 13, what is 35c + 3?
362
In base 15, what is a - d?
-3
In base 2, what is -1111110 - 101010?
-10101000
In base 5, what is -144 + -2?
-201
In base 5, what is 10 + -232?
-222
In base 6, what is -1301 - -2?
-1255
In base 16, what is 26 - -6?
2c
In base 7, what is 5615 + -4?
5611
In base 15, what is 0 + 840?
840
In base 14, what is 464 - -3?
467
In base 8, what is 3 - -123?
126
In base 6, what is -4 - -515?
511
In base 3, what is 1 + -1020?
-1012
In base 4, what is 20301 + 0?
20301
In base 7, what is 11 - 36?
-25
In base 16, what is -1 - 47?
-48
In base 16, what 